2)/18). Let g(k) = 10*k - 8. Let a be g(t). Let c = -19 + a. What is the remainder when c is divided by 16?
15
Suppose -244*t = -245*t + 138. Calculate the remainder when t is divided by 35.
33
Suppose 749 = 22*p - 681. What is the remainder when 252 is divided by p?
57
Let n = -66 - -140. Suppose 0 = 14*d - 10 - n. What is the remainder when d is divided by ((-4)/6)/((-2)/6)?
0
Suppose 28 - 7 = 7*d. Calculate the remainder when 436 is divided by d.
1
Let k(b) = 2*b**2 + 36*b + 45. Calculate the remainder when k(-28) is divided by 16.
13
Let i = -59 - -74. Suppose -24 = -3*s - i. What is the remainder when 17 is divided by s?
2
Let l = 44 + -26. Let n = 8 - 5. Suppose 4*r - 3*u = 363 - 87, n*r - 4*u - 207 = 0. What is the remainder when r is divided by l?
15
Let z(j) = j**3 - 7*j**2 - j + 8. Let w be z(7). Suppose g = w + 6. Suppose g = -3*y + 25. Calculate the remainder when 22 is divided by y.
4
What is the remainder when (-74 + -3)/(30/(-30)) is divided by 23?
8
Let w(b) = -b + 24. Let l be w(0). What is the remainder when 6/l - 43/(-4) is divided by 6/((-5 + 6)/(2 + -1))?
5
Let y = -445 + 609. Calculate the remainder when y is divided by 42.
38
Let s = -1332 - -1794. What is the remainder when s is divided by 31?
28
Let r(a) = a - 1. Let n(x) = -9*x + 26. Let y(u) = n(u) + 5*r(u). Suppose 1 = 3*t - 8. Calculate the remainder when y(3) is divided by t.
0
Let g = -1066 - -1106. What is the remainder when g is divided by 11?
7
Let n(p) = -14*p - 196. What is the remainder when 69 is divided by n(-15)?
13
Let a(h) = h**3 - 9*h**2 + 9*h + 8. Let q be (4/4)/((-3)/(-27)). Calculate the remainder when a(q) is divided by 23.
20
Suppose -5*m = -4*f - 48, -5*f - 41 = -3*m + 6. Suppose -38 = -2*c + c. Let o = f + c. Calculate the remainder when o is divided by 17.
14
Let o = 43 + -22. Let w(u) = u**2 - 3*u + 2. Let d be w(3). Suppose d*j = -0*j - m + 115, -j + 5*m = -85. What is the remainder when j is divided by o?
18
Let f be (-1)/(-5) - (-82)/(-10). Let b = -15 - -41. What is the remainder when b is divided by (f/(-1))/(-2) + 13?
8
Let m be 4/56*44*7. Let i(l) = -l**3 + 21*l**2 + 21*l + 25. Suppose -11 - 9 = -2*z. What is the remainder when z is divided by i(m)?
1
Suppose -c + 29 = 10. Suppose 4 = -l, 4*m - 5*l - 475 = -c. Calculate the remainder when m is divided by 16.
13
Let h(y) = 92*y - 166. Calculate the remainder when 502 is divided by h(2).
16
Suppose -12*m = -127 - 557. What is the remainder when m is divided by 25?
7
Suppose -7441 = -33*k + 5099. What is the remainder when k is divided by 23?
12
Suppose 65*t + 3213 = 82*t. What is the remainder when t is divided by 12?
9
Let v(a) be the first derivative of -a**3/3 - 13*a**2/2 - 21*a + 35. What is the remainder when 81 is divided by v(-7)?
18
Let f = 5 + 3. Suppose -2*v = -4, -2*v = -5*h - 1 - f. What is the remainder when 27 is divided by (h + 14*-1)/(-1)?
12
Let q(m) = 4*m**2 + m. Let c be q(-1). Suppose c*a - 7*a = -68. Calculate the remainder when 65 is divided by a.
14
Let i(t) = -6*t**3 + 3*t**2 - 3*t - 25. What is the remainder when i(-5) is divided by 68?
67
Suppose 4*l - 104 = -k, 0 = 6*l - 3*l - 3*k - 78. Let d be (-5 - -11) + 1*-1. Let v(j) = 3*j - 6. What is the remainder when l is divided by v(d)?
8
Let m = -294 + 306. What is the remainder when 19 is divided by m?
7
What is the remainder when 269 is divided by 1/2 - 134/(-4)?
31
Let d(l) be the third derivative of -2*l**4/3 + 17*l**3/6 + l**2. Let a be d(4). Let i = a - -68. What is the remainder when i is divided by 13?
8
Let a(c) = -7*c + 1. Let g be a(-1). Suppose -2 = -2*i + g. What is the remainder when i is divided by 1?
0
Suppose -p - 19 = -29. Suppose p*q - 131 = 99. Calculate the remainder when q is divided by 16.
7
Let a be (-6)/(-1) - 0/(-24). Calculate the remainder when ((-14)/a - 1/(-3))*-2 is divided by 2.
0
Let g(h) = 5 - 4*h - 15*h + 8*h - 2. Let m = 2 + -4. Calculate the remainder when 48 is divided by g(m).
23
Let w = -304 - -324. Let x = 8 + -2. Calculate the remainder when ((-35)/3)/((-2)/x) is divided by w.
15
Calculate the remainder when 3/(-2)*2*(-190)/6 is divided by 24.
23
Let o(a) = a**3 + 4*a**2 - a + 4. Suppose -q = -3*q + 8. Suppose -2*k + 3*k + q = 0. Calculate the remainder when 23 is divided by o(k).
7
Let u = 101 - 35. Let b = 74 - u. Calculate the remainder when 38 is divided by b.
6
Suppose 0 = 4*f + 6 - 38. Let g(n) = -n**2 + 12*n - 8. Calculate the remainder when g(5) is divided by f.
3
Let r = -218 - -271. Suppose -7*v - 55 = -12*v. What is the remainder when r is divided by v?
9
Suppose -3063 = -45*q + 18672. What is the remainder when q is divided by 27?
24
Suppose 2*x - p - 7 = 0, -5 = -2*x + 4*p - 7. Let d = 20 - x. What is the remainder when d is divided by 3?
0
Let u be (-6)/(-18) + 5*(-2)/(-6). Suppose -18 - 6 = 2*o. What is the remainder when (-7)/(2/o*u) is divided by 4?
1
Let h = 28 + -26. Suppose 7*x - h*x = 35. What is the remainder when x is divided by 3?
1
Suppose -17*q = -16*q - 80. Calculate the remainder when 317 is divided by q.
77
Let j(m) = 2*m + 1. Suppose 14*c = -21*c + 1540. Calculate the remainder when c is divided by j(4).
8
Let j = 452 - -4. Calculate the remainder when j is divided by 42.
36
Let a be 174/45 + (-4)/(-30). Suppose -a*o = -16, -4*o - 80 = -r - 2*r. What is the remainder when 124 is divided by r?
28
Calculate the remainder when 73 is divided by 1/(32/(-312))*-4.
34
Let a(j) = 5*j**2 - j + 12. Suppose -7 = -0*o + o. Let r(u) = 6*u**2 - 2*u + 13. Let f(c) = o*a(c) + 6*r(c). What is the remainder when 15 is divided by f(7)?
7
Calculate the remainder when 92 is divided by (1/3)/(2*(-6)/(-684)).
16
Let h(o) = -o**2 + 11*o - 8. Let s be h(6). Let c(n) = n**2 + n + 4. Let m be c(0). Suppose -m*q + 6 = -s. Calculate the remainder when 24 is divided by q.
3
Suppose 173 = -3*v + 248. Suppose -4*d - i + 55 = 0, 14 = 2*d - 4*i - 36. What is the remainder when v is divided by d?
10
Let u = 635 - 585. What is the remainder when (-11 - 1)/4 + 152 is divided by u?
49
Let u = 140 + 136. What is the remainder when 232 is divided by u/30*5 + (-2)/(-2)?
44
Suppose 487 = 2*v + 127. Suppose -2*t + v = 2*t. What is the remainder when t is divided by 16?
13
Suppose -771 = -15*f + 2049. Let m = 298 - f. Calculate the remainder when m is divided by (-4)/(-6) + (-82)/(-3).
26
Suppose 8*f - 220 = -14*f. What is the remainder when 33 is divided by f?
3
Suppose 4*g - g = 33. Suppose 10*w + 58 = g*w. What is the remainder when w is divided by 15?
13
Let i = 8 + 9. Let l(g) = 8*g**3 + 2*g**2 - 2*g - 2. What is the remainder when l(2) is divided by i?
15
Suppose 0 = -4*v - 1 + 5. Suppose 4*o - 5*d = 41, d + v = -o - 0. What is the remainder when (-52)/(-24)*3*(3 + -1) is divided by o?
1
What is the remainder when 74 is divided by ((-144)/20 - -2)*(-10)/4?
9
Let z = -24 + 80. Let u = 84 - z. Calculate the remainder when u is divided by 6.
4
Let l(x) = -x**2 + 15*x + 8. Let a be l(7). Let c = a + -40. Let i = 69 - 23. What is the remainder when i is divided by c?
22
Suppose -88*v + 1296 + 3280 = 0. What is the remainder when v is divided by 11?
8
Suppose -12*d + 1478 = 434. Suppose 2*l - 11 - d = 0. What is the remainder when l is divided by 10?
9
Let l = 194 + -180. What is the remainder when 33/(-3)*1*-3 is divided by l?
5
Suppose 5*p + 2*l = l - 184, 3*l - 132 = 4*p. Let i = 38 - p. Let g = 53 - 28. Calculate the remainder when i is divided by g.
24
Calculate the remainder when 15/3 + 8 + 81 is divided by 17.
9
Suppose 5*y - 6 = 4*l - 57, -l = -y - 12. What is the remainder when 241 is divided by l?
7
Suppose -5*w + 37*t = 33*t - 308, -2*w = -5*t - 113. Calculate the remainder when 123 is divided by w.
59
Suppose -x + 2*f - 7 = 0, -6*f + 2*f + 11 = -x. Let n = 12 + x. Calculate the remainder when n is divided by 6.
3
Let c(b) = b**2 + 5*b + 4. Let l be c(-5). Suppose l*y - 66 = -46. Calculate the remainder when 8 is divided by y.
3
Let f(b) = -b**3 - 9*b**2 + 9*b - 10. Let r be f(-10). Suppose 5*x - 25 = r, -2*i + 81 = -4*x + 3. What is the remainder when i is divided by 13?
10
Let p = -351 - -434. What is the remainder when p is divided by 22?
17
Let f(r) = -r**3 + 9*r**2 - 19*r + 8. Let l = -152 - -158. What is the remainder when 11 is divided by f(l)?
1
Suppose -t - 210 =